 = 859 + -512. What is the tens digit of a?
4
Let j(i) = 0*i - 6*i + 4*i + i + 1. What is the units digit of j(-5)?
6
Suppose -5*p = -3*j - 6, 5*p = j - 0*j + 12. Suppose 124 = 3*r - 4*a, -p*r - a + 96 = 2*a. What is the units digit of r/8*(3 + -1)?
9
Suppose -5*x - 5*b = -2*x - 89, 2*x = -b + 57. Suppose 5*z - 7 = -2*w, 5*z + 2*w = 3*z - 2. Suppose -x = -o - z*o. What is the units digit of o?
7
Suppose -2*c + 18 = -126. Suppose -3*i + 34 = -4*d - 24, -c = -2*i - 4*d. What is the tens digit of i?
2
Let d = -13 - -17. Suppose n - a - 18 = 0, 2*a + 59 = 3*n + d*a. What is the tens digit of n?
1
Suppose y + 17 = -5*d, 0*d + 8 = 2*y - 4*d. Let l be y/(-5) - (-4)/(-10). What is the units digit of -3 + (-1 - (-11 + l))?
7
Let u(v) = v**2 + 6*v - 4. Let j be u(-8). Suppose -n + z = -j, 5*n + z - 12 = 48. What is the units digit of n?
2
Suppose 69 = 3*c + z - 101, 4*c = 3*z + 244. What is the units digit of c?
8
Suppose -5*f + 6*f = -4*h + 1, -f = 3*h - 2. What is the tens digit of (h/(-2))/((-4)/(-176))?
2
Suppose -1 = -5*z + 9. Let r be (-3)/z*(-30)/9. Let w(g) = -g**2 + 5*g + 4. What is the units digit of w(r)?
4
Let i = -4 + 1. Let b be (6/15)/(i/60). Let g(r) = -r**2 - 9*r - 5. What is the units digit of g(b)?
3
Suppose 0 = 3*f - 8*f + 45. Let z = f + -8. Let w(o) = 14*o**3 + 2*o**2 - 2*o + 1. What is the units digit of w(z)?
5
Let m(j) = -j**2 - 13*j - 6. What is the units digit of m(-11)?
6
Suppose -2*z - 72 = 2*z. What is the units digit of (-6)/(-4)*z/(-27)?
1
Let p be (2/6 - 2)*6. Let u(m) = m**3 + 4*m**2 - 3*m - 6. Let h be u(-5). What is the units digit of 2/5 + h/p?
2
Let b(i) = i + 1. Let h be b(3). Let z be (-7 + h)/((-2)/2). What is the units digit of 6/(-2) + z + 7?
7
Let r be 3/(-1) - (0 + -16). Suppose -2*y - 3 = -r. What is the units digit of y?
5
Let m = -20 + 92. What is the units digit of m?
2
Suppose -2*k + 4*o + 0*o + 52 = 0, -3*o + 45 = 2*k. What is the units digit of k?
4
Suppose -12 = 3*x, -2*i - i - 3 = 3*x. Suppose -2*j - 8 = -4*j, -i*j + 12 = 4*f. Suppose f = -0*q - q + 5. What is the units digit of q?
5
What is the tens digit of 8/(-2) - -1*16?
1
Let o(k) = -k**3 - 6*k**2 - 6*k + 4. Let z be o(-5). Suppose f - z = -0*f. What is the units digit of f?
9
Let r = -3 + 7. Suppose -4*u + 16 = 4. Suppose 3 = l - 4*q - 2, 0 = -u*l + r*q + 23. What is the units digit of l?
9
Suppose 2*i = -0*i - 10. What is the units digit of 1 + 2 + (i - -15)?
3
Let t be (-20)/(-12) - 2/(-6). Suppose 0 = -i + t*i - 3*y - 16, -2*y = 10. What is the units digit of i?
1
Let c be 8/(-2) - (-4 + 3). Let z = 8 + c. What is the units digit of z?
5
Let m(w) be the first derivative of -2*w**2 - 19*w - 5. What is the units digit of m(-13)?
3
Let h(c) = 3*c**3 - 6*c**2 + c - 10. What is the hundreds digit of h(5)?
2
Let j = -6 - -4. What is the tens digit of 1 + j*-8*1?
1
Let g = -27 - -17. Let w(d) = d**2 + 8*d - 5. What is the tens digit of w(g)?
1
Let o = 5 + 13. What is the tens digit of o?
1
Let w be (4/5)/(2/10). Suppose w*l = 5*l. Suppose l = -q - h, -5*h - 2 = 2*q + 4. What is the units digit of q?
2
Let x be ((-63)/(-35))/(2/10). Let y be (x/(-6))/((-3)/10). Suppose k = y*v - 90, -4*k + 14 = 4*v - 2*v. What is the tens digit of v?
1
What is the tens digit of -4 + 6/4*4086/27?
2
Let b(z) = 10*z**2 - 4*z - 3. What is the units digit of b(-3)?
9
Suppose 3*n = 4*n - 78. What is the tens digit of n?
7
Let c(p) = -11*p + 1. Let o(q) = -43*q + 4. Let w(m) = -22*c(m) + 6*o(m). What is the tens digit of w(-2)?
3
Let z = -7 - -18. What is the units digit of z?
1
Let v(m) = 3*m**3 - 2*m**2 - m + 2. Let l(o) = -o + 17. Let s be l(7). Suppose s = 4*h + h. What is the units digit of v(h)?
6
Suppose 0 = -0*v - 3*v + 27. What is the units digit of v?
9
What is the units digit of (2 - -12)*(-5)/(-10)?
7
What is the units digit of ((-2)/(-3))/(3 + (-266)/90)?
5
What is the units digit of (-27)/(1*(-5)/30)?
2
Let b = 12 - 9. Let a = b + 2. What is the units digit of a?
5
Let m = 13 + -11. What is the units digit of m?
2
Let b(c) = 2*c**2 - 2*c - 2. Let m be b(2). Suppose -2*t - 17 = -d, -m*d + 0*d + 5*t = -38. What is the units digit of d?
9
What is the tens digit of ((-4)/(-12))/((-1)/(-102))?
3
Suppose 3*r - 41 - 1 = 0. What is the tens digit of r?
1
Let v(c) = -c**3 - 6*c**2 + 6*c - 4. Let g be v(-7). What is the units digit of (4 - g)/(2/6)?
3
Suppose 4*r = 5*r - 3*h - 8, -5*r + 3*h + 16 = 0. Let a = 4 - r. Suppose 0 = -n + a*v - 8, 0 = 5*n + 4*v - 30. What is the units digit of n?
2
Suppose -4*h + 12 = -24. Suppose -5 = -4*p - 3*o - 3, -4*p - 4*o = 0. Suppose 11 = p*a - h. What is the tens digit of a?
1
Let q(x) = x**3 + 5*x**2 + 5. Let v be q(-5). Let o be (-3 + 4)/((-1)/(-22)). Suppose -v*b + o = -3*b + 3*y, -3*y = 0. What is the tens digit of b?
1
Suppose -12*v = -7*v - 400. What is the units digit of v?
0
Suppose -2*y + 128 = 2*y - r, 2*y + 2*r = 74. What is the tens digit of y?
3
Let j(x) = x + 11. What is the units digit of j(-9)?
2
Let a(y) = -y**2 + 16*y + 37. What is the units digit of a(11)?
2
Let l(w) = w**3 - 12*w**2 + 11*w + 7. Let m be l(11). Suppose -2*r = -m*r + 20. Suppose 3*k + 12 = 2*k - r*p, 4*k = -p + 12. What is the units digit of k?
4
Suppose 0 = -g - 37 + 11. Let q = -14 - g. What is the units digit of q?
2
Let c(p) = 28*p**2 + 28*p + 1. What is the units digit of c(-4)?
7
Let t(s) = 3*s**2 - 13*s + 15. What is the tens digit of t(10)?
8
Let w(p) = p**3 + 12*p**2 + 13*p + 16. What is the units digit of w(-8)?
8
Let b(s) = -s**2 - 15*s - 8. What is the units digit of b(-12)?
8
Suppose 3*v - 40 = -v. Suppose 8 = -2*w - 4*t, -w - 4*t = -0*t + v. What is the units digit of (5/10)/(1/w)?
1
Let x(f) = -53*f + 2. What is the units digit of x(-1)?
5
Suppose -4*j = j - 65. What is the units digit of j?
3
Let t(b) = -b**3 + b + 4. Let i be t(0). Suppose 5*u - 3*a - 26 = -0*u, -2*a + 41 = 5*u. Suppose -3 = i*p - u*p. What is the units digit of p?
1
Let w(q) = -11 + q**2 + 4*q + 5*q - 5*q. What is the units digit of w(-9)?
4
Suppose 2*w - 28 = w. What is the units digit of w?
8
Let i(q) = q**3 + 7*q**2 - 9*q - 7. Let f be i(-7). Suppose 0 = 4*c - 0*c - f. What is the units digit of c?
4
Let s(k) = 8 + k**2 - 1 - 3 - 3*k. Let t(z) = -z**2 + 10*z - 22. Let r be t(5). What is the units digit of s(r)?
4
Suppose -51*l + 50*l + 91 = 0. What is the units digit of l?
1
Suppose 4*t - 4*z = -0*z - 12, z = -4*t - 17. What is the units digit of (0 - 6)*t/4?
6
Let f(r) be the first derivative of -r**4/4 - r**3 + r**2 + r + 1. Let q(x) = -5*x**2 - x. Let h be q(-1). What is the units digit of f(h)?
9
What is the units digit of -2 - ((-6)/8 + 217/(-4))?
3
Let r = 1 - 0. Suppose -3*q + 7 = 1. Let h = q - r. What is the units digit of h?
1
Suppose -161 - 139 = -5*v. What is the tens digit of v?
6
Let a = 66 + -40. Suppose -4 = -5*z - 2*j + a, 35 = 5*z + j. What is the units digit of z?
8
What is the units digit of (-6)/(-24) + (-119)/(-4)?
0
Suppose 16*w - 3260 + 524 = 0. What is the units digit of w?
1
Let q = 13 + -8. Suppose -q*y + 13 = 3. What is the units digit of y?
2
Let n be 0 + (-4)/(8/46). Let k = 1 - n. What is the tens digit of k?
2
Let y = 17 - 6. What is the tens digit of y?
1
What is the hundreds digit of (-19)/(190/(-2208)) - (-2)/10?
2
Let v = -34 + 49. What is the tens digit of v?
1
Let h = -69 + 105. What is the units digit of 27/h - 29/(-4)?
8
Let i be (2/3)/((-4)/(-18)). Suppose 5*t + i = 4*t, -t + 2 = 5*q. What is the units digit of q?
1
Suppose -4*h + 18 = -l, -30 = -0*l + 3*l - 4*h. Let v = l + 10. What is the units digit of v?
4
Let z be 414/3 - 2 - -2. Suppose r + r - z = 0. What is the units digit of r/9 - 2/(-6)?
8
Let q(c) = 21*c - 12. What is the tens digit of q(4)?
7
Suppose 2 = -n + 2*g + 24, -5*g + 185 = 5*n. Suppose 4*m = 5*m - 2. Suppose -2*w = m*w - n. What is the units digit of w?
8
Let s(v) = v**3 + 15*v**2 - 15*v - 2. Let x be s(-16). Let i = -17 - x. What is the units digit of i?
1
Suppose 2*t = -2*t - 4*q + 280, -4*t = -5*q - 316. What is the tens digit of t?
7
Let j = 16 - 26. Suppose 8 = -4*k + 68. Let o = k + j. What is the units digit of o?
5
Let v = -11 - -18. Let s = -2 + v. Suppose 24 = 5*o - 4*i, 0 = -2*o + 4*o - s*i - 13. What is the units digit of o?
4
What is the units digit of 0 + (-1 + 5 - -69)?
3
Suppose 0